value of -6 + 35 - 54 - -34?
9
Calculate 2 + 1 - 2 - (23 - 28).
6
Calculate -8 + 16 - (-9 + 2 + 19).
-4
What is the value of -37 - (-27 + 4) - -21?
7
Calculate -17 - -1 - (-77 - (-110 - -17)).
-32
Calculate -3 + (0 - 3 - (-12 + 0)) + 4.
10
Calculate 11 - -1 - (178 - 158).
-8
285 + -263 + 0 + -10
12
Calculate 29 - 27 - (-1 + 1 - (21 - 4)).
19
What is the value of 0 + -2 + 1 + (16 - 10)?
5
What is the value of -8 + (-10 - -24) + -8 + -2 + 2?
-2
-22 + 29 + (1 - (4 - (1 - -1)))
6
-2 - (13 + (-3 - (-15 - -31)))
4
29 - (-2 + (10 + 5 - (10 - -1)))
27
Calculate (13 + 1 - 8) + 9 + 1.
16
What is (6 - 15) + 14 + (14 - 12)?
7
What is the value of (22 - (-2 - 0)) + -7 + (43 - 35)?
25
-20 + -2 + 20 - (-9 + 2)
5
What is -2 - 5 - (43 + -44)?
-6
What is the value of (8 - -9 - 31) + -4 + 18?
0
0 + (1 - -7 - (-9 + 24))
-7
Evaluate (-5 - (-6 + 0)) + -4 + -11.
-14
Evaluate 0 - (14 - (6 + 2 + (4 - 7))).
-9
Evaluate (-4 + 1 - -2) + (13 - 16) - -9.
5
What is the value of 13 + -8 + (-2 - 2) + 5 - -7?
13
What is 14 - (5 - (-1 + -16))?
-8
(-17 - -7) + 1 + 7 - 3
-5
Calculate -4 + -10 + (1 - -23) + -33.
-23
Evaluate 5 + 36 + -5 + 4 + -15.
25
(-14 - -26) + 1 + 11
24
Calculate (13 + -4 + -3 - -12) + -13.
5
What is (-148 - -157) + 1 + -25?
-15
What is the value of -7 + (-3 - (-2 - -6) - -9) + 15?
10
What is the value of 7 - (-60 - -25 - -21)?
21
Evaluate -10 + (-25 + -1 - -34).
-2
What is the value of -17 - -2 - -36 - 12?
9
What is -13 + -3 + 12 - -17?
13
-11 + (0 - -6 - (-1 + -11))
7
(21 - (0 + (-3 - -8))) + -4 + 3
15
What is 0 + -27 + 1 - (-695 + 700)?
-31
What is the value of (-7 - 0) + (10 - (13 + -12)) + 3?
5
(-19 - -17) + -8 + -6
-16
27 - (-12 + -19 + 44 + -8)
22
What is the value of 5 - 12 - 12 - -10?
-9
Evaluate 23 + (28 - 4) - 20.
27
0 + 0 + (3 - -4) + 0 + 4
11
Calculate 7 + (-22 - -18 - 10).
-7
(-2 - -9) + 13 + -3 + (-1 - 5)
11
64 + (0 - 12) - 29
23
Calculate -1 - ((-16 - -11 - -5) + (-4 - 0)).
3
Evaluate (-8 - -11) + -4 - -4 - (2 - -6).
-5
What is the value of -11 - (-8 - (8 + -2 - 4))?
-1
Evaluate 0 + (8 - 3) - (-1 - -13).
-7
Calculate (12 - -1) + 27 + -31 + -14.
-5
-9 + (-1 - -1) + (2189 - 2215)
-35
What is 15 + 16 + -32 + (14 - 2) + -2?
9
Calculate 3 - 1 - (-104 - -110).
-4
(-13 - (5 + -8)) + (11 - 6) + 4
-1
What is 15 + -13 + (-9 - (-7 - -5))?
-5
Evaluate -19 - (-23 - (-21 - -16)).
-1
What is the value of (-3 - 1) + (9 + 0 - 6)?
-1
Calculate -43 - -52 - (0 + -12 + 1).
20
What is the value of 1 + (0 - 0) - ((-4 - -1) + 2)?
2
Evaluate -7 + 13 - (4 + 31 - 0) - -6.
-23
Evaluate 36 - (19 - (-2 + -6 + 11)).
20
Calculate 6 - (8 + -13) - 10 - -13.
14
Calculate 144 + -130 - (2 - -3).
9
Calculate (-7 - 1) + 3 - -15.
10
Evaluate 29 - ((3 - (6 + -1)) + 13 + -7).
25
Calculate -20 + 39 - 18 - (-2 - 7).
10
What is the value of 6 - (-5 - (-27 - 3) - 8)?
-11
Evaluate 15 + (-15 - -4) + 7.
11
Calculate 29 + -14 + -3 + -1.
11
What is the value of 8 + -3 - ((-2 - 15) + 10)?
12
Calculate -3 + -9 + 7 + -1 + 27 + -55.
-34
Evaluate -5 + -1 + 17 + -2 + -18.
-9
What is 3 - (20 - 25) - 11?
-3
What is the value of 1 - -6 - (30 - 2 - (7 - 15))?
-29
What is -38 - (-18 - (15 + -3))?
-8
What is -5 - (-11 + 17 - -15) - -9?
-17
Calculate 216 + -198 + -6 + -1.
11
Evaluate (-10 - ((9 - 10) + -8)) + -5 + 3.
-3
What is 14 + -8 + -8 + (-1 - (-2 - 1))?
0
What is the value of (1 - -4 - (6 + 1)) + -5?
-7
(-35 - (8 + -13 + 0)) + 7
-23
Calculate ((2 - 0) + -5 - -4) + 19 + -12.
8
What is the value of -2 + 10 + (1 - 8) + (-75 - -91)?
17
What is -15 - (-21 - -24) - (2 + 0)?
-20
What is the value of 7 + -34 + 33 + -14 + (-8 - 1)?
-17
Calculate 3 + 3 + -5 - (-360 + 364).
-3
What is 12 + (-18 + (-10 - -17) - (-1 - 5))?
7
What is (24 - (-10 - (0 - (6 - -15)))) + -1?
12
What is -1 + 6 + (-38 + 0 - (-12 - -2))?
-23
14 - 5 - -4 - (53 + -10)
-30
What is the value of 4 + (-7 + 15 - (0 + 20))?
-8
What is the value of 23 - (14 + (10 - -16))?
-17
Evaluate -130 - -115 - (-1 - 10).
-4
Calculate -3 + (5 - (-7 + -1)) + -3.
7
Evaluate 302 - 283 - (0 + 3).
16
(2 + -1 - 9) + -7
-15
Evaluate (-4 - ((-4 - -10) + -4)) + 23 + -5.
12
What is the value of 0 - (6 - 4) - (0 + 1) - -12?
9
What is the value of -15 + (9 - (15 + -21))?
0
Evaluate (-31 - -35) + (1 - 12) - -1.
-6
(-5 - -8 - -3) + -7 + 5 - 14
-10
What is 2 + (11 - 2) + 5 + -10 + 2?
8
Calculate 1 - 15 - -8 - (-2 + 5).
-9
What is 2 + (-4 - (3 - 3)) - (59 - 70)?
9
What is (-19 - (-36 + 19)) + (0 - -8)?
6
Evaluate 4 + (-6 - -2) + (-4 - (4 + -14)).
6
(-7 - -3 - 0) + (6 - (-5 - -17))
-10
What is the value of 104 + -98 - (0 - 0)?
6
Calculate 39 + 15 + -10 + -20.
24
-5 + (4 - 1) - (10 - 8)
-4
What is (14 - 20 - -6) + 2?
2
Evaluate 3 + ((-1 - -1) + -4 + 7 - 4).
2
Evaluate 0 + -4 + (14 - (5 + 5 - -24)).
-24
What is the value of (3 - -7 - 2) + 7 + -4?
11
Calculate 17 + -15 + 13 + -10 + 10.
15
What is the value of 2 - -6 - (14 + -23 + 8)?
9
2 + 21 + -15 - 5
3
(-5 + 6 - (8 - 16 - -15)) + 7
1
What is the value of -3 + (-11 - 4) + 7 - -26?
15
Evaluate 16 - (6 + -8 + 10) - 4.
4
28 - 17 - (4 + -2 - 0)
9
Calculate 16 - (23 + (-2 - 10)).
5
Evaluate 12 + -21 + -22 + 18.
-13
What is the value of (-11 - -16 - 4) + (-2 - (3 - -5))?
-9
What is -20 + (44 - 14 - 0)?
10
(1 - (19 - -21)) + 30
-9
What is 15 + (-14 - -6) + -4?
3
What is the value of 23 - (0 + 12) - (6 - (-1 + 0))?
4
What is the value of 186 + -179 + -20 + 3?
-10
What is -29 + 19 + 6 - 17?
-21
What is 1 + -6 + (11 - 4) + -9?
-7
Calculate -5 - (-4 - (-1 + 1) - (-16 - -18)).
1
What is the value of 1 + (-11 - -8) - -12 - 15?
-5
What is the value of -3 - (12 - (-1 - 9 - -30))?
5
What is (-2 - -7) + 6 + -3 + -2 - 16?
-10
What is the value of -1 - -18 - (343 + -361) - 18?
17
Evaluate (-8 - -19 - (-6 + 15)) + -2.
0
Evaluate -16 + 1 - (6 + 0 + -6).
-15
Evaluate 3 - 14 - (-21 + (53 - 32)).
-11
Evaluate -8 + (-22 - -15) - (-49 - -1).
33
What is 10 + -1 + 11 + 23 + -24?
19
Evaluate 1 - -10 - (-38 - (-48 - 8)).
-7
-10 + (-7 - -27) - 5
5
Evaluate 4 - (15 - (-2 + 11 + -12)).
-14
Calculate -53 + 54 - (20 - 1).
-18
(-1 - -4) + -4 + -8 - (4 - 0)
-13
What is the value of (6 - -23) + (8 - (-7 + 14) - 0)?
30
Evaluate 12 + 20 + -55 + 6.
-17
Evaluate (2 - 11) + 6 + -2.
-5
What is -3 - (-4 + -1 - (-8 - -15))?
9
What is the value of 5 - -1 - (1 - (1 + -1))?
5
What is the value of 49 + -4 + (-74 - -40)?
11
What is the value of 13 + (5 - (4 - -1)) + -10?
3
Calculate 11 + 16 + -29 + -7.
-9
Evaluate 8 - (32 + (-10 + (-2 - -6) - -3)).
-21
-6 + (1 + -12 + 4 - (-1 - 1))
-11
What is the value of -12 + -19 + -8 + 24?
-15
Calculate (5 - -6) + -7 + 4.
8
Calculate (-7 - 6) + 4 - -13.
4
What is the value of 0 - 2 - (32 + -45)?
11
What is 36 + -29 + 35 - 20?
22
(1 - (0 - 0) - (-318 + 319)) + 7
7
0 - (-7 - -6 - 4) - -7
12
Evaluate -13 + 1 - ((8 - 4) + -3 + 1).
-14
What is the value of 21 + 0 - (-49 + 63)?
7
What is 30 + (8 - (-9 - -16)) + -14?
17
Calculate (-75 - -83) + -10 - (-2 + 2 + 15).
-17
What is the value of -5 + (16 - 42) + 17?
-14
7 + (-7 + 7 - (-2 + 0) - 22)
-13
What is -1 + -4 + (-14 - ((5 - 12) + -4))?
-8
Calculate -3 + (10 - (-2 - -10)).
-1
8 + -11 - (15 + -14 + -7 + 0)
3
What is -6 + (-2 - -8) - -7?
7
Calculate 0 + (-5 - -7) + (-1 - 4).
-3
-2 - -2 - ((64 - 63) + 0 + 2)
-3
What is the value of (-3 + 5 - -2 - -7) + 2?
13
Evaluate (11 + -3 - (52 + -45)) + 4.
5
What is the value of 0 - (1 + (7 - 2) + (47 - 63))?
10
-8 + -5 - (12 + 1 - 9)
-17
9 - ((1 - 3) + 44 + -57)
24
Evaluate 1 - -4 - (376 - 374).
3
What is the value of (0 - 6 - -6) + -9 + 21 + -6?
6
Evaluate 25 + 14 + -3 + -12 + 0.
24
What is 0 + -15 + (19 + -46 - -43)?
1
What is (-14 - -33 - -12) + -2?
29
(10 + 5 - 8 - 11) + 14
10
Evaluate (9 - 4) + -2 + (-22 - -29).
10
Evaluate (5 + 4 - -2 - (2 - 4)) + -2.
11
Evaluate (3 - (-27 - -20)) + -2 + 1 + 9.
18
3 + 2 + 3 + 1 + 2 + -3
8
Evaluate -185 - -196 - (10 - 1).
2
What is -30 + -8 - (-82 + 64)?
-20
What is 13 + (17 - 18 - 30)?
-18
Evaluate -25 - -7 - -35 - (13 - 3 - 3).
10
What is the value of 13 + 6 + -19 + -12 + -1?
-13
What is the value of -5 - (-13 - (15 - (-2 - -10)))?
15
Evaluate -3 + 16 + -2 + -26 - -7.
-8
Calculate 1 + -21 - (-49 - -36) - 8.
-15
Evaluate 8 - (-7 - (-12 + 8)) - (7 - 1).
5
What is the value of (-4 - (-1 + 1) - (-4 - 9)) + -2?
7
Evaluate -5 + -1 + (9 - (5 + -2)).
0
Evaluate -5 + (-7 - (13 + -17)).
-8
What is (9 - (1 - 0)) + -1676 + 1691?